{"id":184,"date":"2025-11-11T05:27:13","date_gmt":"2025-11-11T05:27:13","guid":{"rendered":"http:\/\/localhost\/mywordpress\/?post_type=product&#038;p=184"},"modified":"2025-11-11T05:35:55","modified_gmt":"2025-11-11T05:35:55","slug":"dziveligs","status":"publish","type":"product","link":"https:\/\/sapesskanas.lv\/?product=dziveligs","title":{"rendered":"M\u016b\u017eame\u017es &#8211; &#8230;dz\u012bvel\u012bgs&#8230;"},"content":{"rendered":"<p>Re-issue of\u00a0&#8220;&#8230;dz\u012bvel\u012bgs&#8230;&#8221;,\u00a0a rare hi-definition\u00a0recording of solo violin\u00a0musician Raitis Sametis. One of the most widely known underground legends in LV.<\/p>\n<p>&nbsp;<\/p>\n<p>Limited to 20 pieces.<\/p>\n","protected":false},"excerpt":{"rendered":"<p>Re-issue of\u00a0&#8220;&#8230;dz\u012bvel\u012bgs&#8230;&#8221;,\u00a0a rare hi-definition\u00a0recording of solo violin\u00a0musician Raitis Sametis.<\/p>\n","protected":false},"featured_media":180,"template":"","meta":[],"product_brand":[],"product_cat":[19],"product_tag":[],"class_list":{"0":"post-184","1":"product","2":"type-product","3":"status-publish","4":"has-post-thumbnail","6":"product_cat-cassettes","8":"first","9":"instock","10":"shipping-taxable","11":"purchasable","12":"product-type-simple"},"jetpack_sharing_enabled":true,"_links":{"self":[{"href":"https:\/\/sapesskanas.lv\/index.php?rest_route=\/wp\/v2\/product\/184","targetHints":{"allow":["GET"]}}],"collection":[{"href":"https:\/\/sapesskanas.lv\/index.php?rest_route=\/wp\/v2\/product"}],"about":[{"href":"https:\/\/sapesskanas.lv\/index.php?rest_route=\/wp\/v2\/types\/product"}],"wp:featuredmedia":[{"embeddable":true,"href":"https:\/\/sapesskanas.lv\/index.php?rest_route=\/wp\/v2\/media\/180"}],"wp:attachment":[{"href":"https:\/\/sapesskanas.lv\/index.php?rest_route=%2Fwp%2Fv2%2Fmedia&parent=184"}],"wp:term":[{"taxonomy":"product_brand","embeddable":true,"href":"https:\/\/sapesskanas.lv\/index.php?rest_route=%2Fwp%2Fv2%2Fproduct_brand&post=184"},{"taxonomy":"product_cat","embeddable":true,"href":"https:\/\/sapesskanas.lv\/index.php?rest_route=%2Fwp%2Fv2%2Fproduct_cat&post=184"},{"taxonomy":"product_tag","embeddable":true,"href":"https:\/\/sapesskanas.lv\/index.php?rest_route=%2Fwp%2Fv2%2Fproduct_tag&post=184"}],"curies":[{"name":"wp","href":"https:\/\/api.w.org\/{rel}","templated":true}]}}